= -6*j - 83. List the prime factors of i(-17).
19
Suppose 4*d = 5*z + 25, -4*z = d + 3*d + 20. Suppose d = c - 8 + 3. List the prime factors of (-370)/(-30)*(c + 1).
2, 37
Suppose -401*s + 13560 = -395*s. List the prime factors of s.
2, 5, 113
Let k = -28 - -35. Suppose -268 = -k*t + 3*t. List the prime factors of t.
67
Suppose -5*u + 200 = -3*y + 14, -5*y - 350 = 5*u. Let g = 83 + y. What are the prime factors of g?
2
Let w(q) = q**2 + q - 10. Suppose 6*f + 24 = 4*f. List the prime factors of w(f).
2, 61
Let f = -4 + 5. Suppose u + 6 = 2*h + f, 3*u - 6 = -h. Let r(c) = 3*c - 1. List the prime factors of r(u).
2
Suppose 3*w + o = 194, -4*w + 2*o + 259 = 3*o. Let k = w - 39. What are the prime factors of k?
2, 13
Let l(q) = -382 - 2*q + 380 - 3*q. Suppose 17 + 23 = -5*m. List the prime factors of l(m).
2, 19
Suppose 0 = -b + 12*b + 528. Let r(k) = 2*k - 1. Let i be r(-2). Let h = i - b. List the prime factors of h.
43
Suppose 6556 = -20*r + 24*r. List the prime factors of r.
11, 149
Suppose 30*h - 31*h = -258. List the prime factors of h.
2, 3, 43
Let p be ((-2)/2)/((-2)/6) + -4. What are the prime factors of (p - 38/4)*-14?
3, 7
Suppose -7*p = -16*p + 243. Suppose 0 = -m - 0 + p. List the prime factors of m.
3
Suppose 2 = 8*q + 2. Suppose q = -4*x - 86 + 142. What are the prime factors of x?
2, 7
Suppose -6*c + 0*c - 564 = 0. Let q = -61 - c. List the prime factors of q.
3, 11
Let f = 1011 - 689. Suppose -4*i = -102 - f. What are the prime factors of i?
2, 53
Let j = 10 - 6. Suppose -j*r - 2*y = -20, 4 = 2*r - 7*y + 5*y. Suppose 35 = l - r*w, 144 = 2*l + 2*w + 54. What are the prime factors of l?
43
Suppose m + 1 = 3*s, m + m = 2*s + 6. Let t(p) = p**2 + 5*p + 3. Let g be t(-2). List the prime factors of (g/s)/((-5)/60).
2, 3
Let q(l) = -5*l - 32. Let p be q(-7). Suppose -59 = p*n - 413. List the prime factors of n.
2, 59
Let c(y) = y**3 + 5*y**2 + 5*y. Let w be c(-2). Suppose 6*i - 4*s - 1244 = i, -w*i = 2*s - 512. What are the prime factors of i?
2, 3, 7
Let h = -153 - -926. List the prime factors of h.
773
Let d be (11/33)/(1/(-6)). Let u be ((-1)/d)/(3/468). Suppose -4*m + h = -227, -m = 2*h + 2*h - u. What are the prime factors of m?
2, 29
Let w(j) be the second derivative of j**5/20 + 2*j**4/3 - 5*j**3/3 + 9*j**2/2 - 2*j - 10. Let d be 6*(1 + 10/(-4)). What are the prime factors of w(d)?
2, 3
Let a = 28 - 30. Let z be 0/11 - 1*a. What are the prime factors of 366/18 - z/6?
2, 5
Let p(u) = 6*u**2 - 23*u + 26. What are the prime factors of p(-7)?
13, 37
What are the prime factors of 186/((-25)/75 + (-13)/(-12))?
2, 31
Let l = -36 + 38. What are the prime factors of (-2 + 1)*(l + 57)*-3?
3, 59
Let n be -5*(96/(-9))/((-80)/(-96)). Let p be 2*(-1 - (-46)/(-4)). Let g = p + n. What are the prime factors of g?
3, 13
Let v = 4734 - 2536. List the prime factors of v.
2, 7, 157
Let b(w) = w**3 + 9*w**2 - 11*w - 8. Let y be b(-10). Let m(l) = 2*l**2 + y*l - l**2 + 0*l - 1 + l**2. What are the prime factors of m(1)?
3
Let o(q) = -q**2 + 22*q - 22. Let u = 58 - 43. What are the prime factors of o(u)?
83
Let l be 5 + 1 + 1 + -2. Let o(g) = g**3 + 10*g**2 + 9*g + 1. Let a be o(-9). Let i = l - a. What are the prime factors of i?
2
Suppose 5*p - 4 = -4*q + 11, 0 = 4*q + 2*p - 18. Suppose 0 = -3*w + q*c + 423, -705 = -5*w + 2*c - 3*c. What are the prime factors of w?
3, 47
Let u = -90 - -99. Let a(o) = o**3 + 4*o**2 + o. Let m be a(-3). Suppose -5*w + 17 = -l, m*l = 3*l + 3*w + u. What are the prime factors of l?
2
Let g = 1065 + -722. List the prime factors of g.
7
Let p = 62 - 60. What are the prime factors of (-22)/(p*(-2)/24) - -1?
7, 19
What are the prime factors of (-3)/2 - (-4071)/118?
3, 11
What are the prime factors of (2 + 40)*(-1089)/(-66)?
3, 7, 11
Suppose -2498 = -5*u + 607. What are the prime factors of u?
3, 23
Suppose r - 465 = g, 6*r = r - 4*g + 2361. List the prime factors of r.
7, 67
List the prime factors of (-2862)/(1 + -7) - 0.
3, 53
What are the prime factors of (-5552)/(-10) + 18/(-90)?
3, 5, 37
What are the prime factors of (-129 + 0)*(19 - 22)?
3, 43
Let n = 1038 - 632. What are the prime factors of n?
2, 7, 29
Let a be 141/(-21) - (-4)/(-14). Let d(n) = n**2 + 8*n + 11. Let j be d(a). Suppose 0 = y - 5*z - 67, y + 215 = j*y - z. What are the prime factors of y?
2, 3
Suppose 2*r = 3*h + 3789, h + 1283 = -3*r + 6950. What are the prime factors of r?
2, 3, 5, 7
Let t(p) = 0 - 2 + 3*p**2 - 2 + 0*p**2 + 3*p. List the prime factors of t(-3).
2, 7
Suppose 551 = 9*s - 6073. List the prime factors of s.
2, 23
Suppose f = v - 9 + 11, 0 = 3*f - 4*v - 8. Suppose f = u - 4*u + 729. What are the prime factors of u?
3
Let m(y) = y - 3. Let h be m(8). Suppose -99 = -h*r + 321. List the prime factors of r.
2, 3, 7
Suppose -421 + 107 = -2*h. Let j = h + -62. List the prime factors of j.
5, 19
Let x = -88 - -92. Suppose -5 = n, p + x*p = 4*n + 180. What are the prime factors of p?
2
Let h = -25 + 33. Suppose u = k + h - 3, 0 = u + k - 15. List the prime factors of u.
2, 5
Let n(q) = 67*q + 375. What are the prime factors of n(42)?
3, 1063
Let u be (-2)/(-4)*(-5)/(10/24). Let x(g) = -19*g - 13. What are the prime factors of x(u)?
101
Suppose -c + 7*c - 54 = 0. Let q(y) = -3 - 10*y + c*y - 4 + 3*y. What are the prime factors of q(11)?
3, 5
Let h(l) = -14*l + 16. Let y be h(13). Let q be y/(-10) - 4/(-10). Let c = q + -7. List the prime factors of c.
2, 5
Suppose 5*x = 2*h - 0*h - 280, 2*x - 4*h = -96. What are the prime factors of (x + -1)/(4/(-12))?
3, 59
Suppose -8 + 38 = 3*p + 3*k, -4*p = 5*k - 45. Suppose 2*z - 6*z - r + 189 = 0, 5*z - 230 = p*r. List the prime factors of z.
47
Suppose 5*c - c = 8. Suppose 0 = 2*z + c*z - 776. List the prime factors of z.
2, 97
Let z = -53 + 65. Suppose -44 = -z*l + 124. List the prime factors of l.
2, 7
Let h = -15 - -18. Suppose 2*a = 4*a - 2*t - 16, -5*a = -h*t - 34. Suppose 0 = -a*b - 2*k + 224, 3*b - 2*k - 128 = -0*b. What are the prime factors of b?
2, 11
Suppose -2*q + 2*l + 41 = -3, -70 = -4*q - 5*l. What are the prime factors of 6/2 - (-4240)/q?
5, 43
Let s = 268 + -130. Let i = -79 + s. Suppose -2*q + i = w + 3*q, 2*q = 2*w - 94. List the prime factors of w.
7
Let h be ((-2)/3)/(4/6) + 137. Suppose 117*p + h = 121*p. What are the prime factors of p?
2, 17
Let w = -41 - -1227. List the prime factors of w.
2, 593
Let i = 28 + -24. Suppose -i*g = -52 - 488. What are the prime factors of g?
3, 5
Let k(m) = -23*m**2 - 3*m + 35. Let a be k(4). Let p = -73 - a. What are the prime factors of p?
2, 17
Suppose 0 = -5*i - 13 - 12. Let a(f) = -6*f**2 - f**3 - 2 + f**2 - 2*f - 3. List the prime factors of a(i).
5
Suppose 5265 = 23*y - 10*y. What are the prime factors of y?
3, 5
Let z(j) = j - 6. Let c be z(6). Let r(l) = 15 + 7 + 7 - l - 6. List the prime factors of r(c).
23
Let l = -18 + 23. Let f(w) = -l + w**2 + 1 - 4 - 18*w + 19*w. List the prime factors of f(-6).
2, 11
Let r = 8 - 5. Suppose h + h = 2*s - 194, 195 = 2*s - r*h. Suppose s = -b + 5*b. What are the prime factors of b?
2, 3
Let d(c) = -14*c - 6. Let y be d(-7). Suppose -p + 18 = -y. Suppose 8*s - p = 3*s. List the prime factors of s.
2, 11
Let f be -1 + -211*1 - 0/(-9). Let i = 373 + f. What are the prime factors of i?
7, 23
Let f(w) be the first derivative of 2*w**3/3 + 5*w**2/2 - 36*w - 33. List the prime factors of f(-12).
2, 3
Let b(f) = -69*f + 44. List the prime factors of b(-11).
11, 73
Let h(v) = -24*v**3 + v**2 - v + 1. Let n be h(1). Let c = 25 - 28. What are the prime factors of (n/(-4))/(c/(-12))?
23
Suppose 4*r = 16, s - 6*s + 19 = r. What are the prime factors of (1 - (-1 - s)/(-12))*96?
2
Let i be (184/(-6))/((-6)/(-18)). Let d = i - -160. What are the prime factors of d?
2, 17
Let h be 0*(-4 - (-51)/12). Suppose h*r - 3*r + 99 = 0. Suppose 3*t = 27 + r. List the prime factors of t.
2, 5
Let r(k) = 2*k**2 - 23*k + 42. List the prime factors of r(22).
2, 3, 7
Let g be (-12)/(-8) + 45/(-2). Let m = g - -37. Suppose -4*h - 4*k = -84, -2*h - 3*k = m - 63. List the prime factors of h.
2
Suppose -3*r - 24 = -3*a + 3, -5*a + 29 = 3*r. Let l = 11 - a. Suppose 16 = 8*g - l*g. What are the prime factors of g?
2
Suppose -6 = s - 8. Suppose -s*w = 2*w - 16. Let k = w - -3. List the prime factors of k.
7
Suppose 0 = 43*s - 60353 - 39235. Li